= -356 - -251. Suppose 0 = -2*y - 4*f + 250, -f = 4*y - 322 - 150. Let k = y + v. What is the highest common factor of 60 and k?
12
Suppose -76*n + 61425 = 23*n - 418824. Calculate the greatest common divisor of 588 and n.
147
Suppose -3*r + 13*a - 15*a + 20857 = 0, 0 = -5*a + 10. Calculate the greatest common divisor of 7 and r.
7
Suppose 17*i - 12*i = -3*x + 221, 0 = 3*i - 4*x - 150. Let m be -176*(i/(-40) + (-2)/(-5)). Calculate the highest common factor of 36 and m.
12
Suppose -3*d + 2*j = 21, -4 = -4*j + 8. Let q be (-9)/d + 562/10. What is the highest common factor of q and 116?
58
Let t = -28 - -55. Let c be 28 - (-6072)/360 - 4/(-30). What is the greatest common factor of c and t?
9
Let y be (27/(-5)*4940/741)/(1/(-9)). Calculate the highest common divisor of y and 30.
6
Let w be (-132)/64*-2308 + (85/(-20) - -4). Calculate the highest common divisor of 100 and w.
20
Let z be 12/7*(-273)/(-6). Let p(a) = a**2 - 43*a + 96. Let c be p(39). Let r = z + c. What is the greatest common divisor of 27 and r?
9
Let g(y) = 3 - 1 + y + 8 + y. Let k be g(-4). Calculate the greatest common factor of k and 1.
1
Let m be ((-36)/(-16))/((-1)/(-52)). Suppose 73 = 5*s - m. Suppose s = n + n. Calculate the greatest common divisor of 152 and n.
19
Suppose 418 + 836 = 2*u. Let j be 21*4/(-72)*22*(-630)/245. What is the highest common divisor of u and j?
33
Suppose -4*z + 2*z + 2400 = 23*z. Calculate the greatest common divisor of z and 372.
12
Let v(w) = -99*w + 993. Let s be v(10). Let q(h) = -h**2 + 12*h + 16. Let c be q(11). What is the greatest common divisor of s and c?
3
Let n = 244 + -164. Suppose -47 = -3*v + 49. What is the highest common factor of v and n?
16
Let l = 1247 + -1245. Suppose 0 = 2*x - 5*q - 37, -3*q = -5*x - 4 + 49. Calculate the highest common factor of x and l.
2
Let b be 1 - -1 - (-164 + 139). Suppose l - 19 - 26 = 0. Calculate the greatest common divisor of b and l.
9
Suppose 1 = -p + 10. Suppose 7*d = 4*d + 15, -13 = 4*c - 5*d. Calculate the highest common divisor of c and p.
3
Let u = 148973 - 89101. Calculate the greatest common factor of u and 32.
32
Suppose -w + 5*g = 71, -4*w + 4*g - 142 = 126. Let u = w + 154. Let r = 98 - u. Calculate the greatest common divisor of r and 5.
5
Let f = -1 - -20. Let u be (-1)/(-6)*8*567/(-18). Let a = u - -137. Calculate the greatest common factor of a and f.
19
Let q be (2 - -3 - -3)/(455/224 - 2). What is the greatest common divisor of 224 and q?
32
Let i be (-2 - -358)/(6/(-18) + 10/15). What is the highest common divisor of 72 and i?
12
Let x be (2/(-3))/((-26)/(-195)). Let l be 18/6 - (x + -1). Let v = 18 - -18. Calculate the greatest common divisor of v and l.
9
Let b(w) = -2*w**3 + 5*w**2 - 4*w - 3. Suppose -2*o + 0*o + 5*x = 16, 5*o = -4*x - 7. Let a be b(o). What is the greatest common factor of a and 162?
54
Let z be 27216/420*(-15)/(-6). Calculate the highest common factor of 32076 and z.
162
Let i = -1448 - -1531. Calculate the greatest common divisor of i and 3071.
83
Let t = -191189 + 191215. Suppose 5*q = 667 + 893. What is the highest common divisor of q and t?
26
Let b(m) = m**3 + 57*m**2 - 64*m + 44. Let r be b(-57). Calculate the highest common factor of r and 156.
52
Let t = 391 - 246. Suppose x - 789 = -4*x + 4*u, -x + 4*u = -t. Calculate the highest common divisor of x and 23.
23
Suppose -5*j + 405 + 115 = 0. Suppose 399*g - 110*g = 4624. Calculate the highest common factor of j and g.
8
Suppose -4*w + 3*w = -2*t - 598, 4*w - 2396 = 4*t. Suppose 3*z - 7*z + w = -4*l, -l - 762 = -5*z. What is the greatest common factor of 18 and z?
9
Let v be (-4 - (-108)/9) + (4993 - 3). What is the greatest common divisor of v and 42?
42
Suppose -197145 = 174*x - 1185*x. Suppose 0*q + 2*q + 124 = 0. Let c be (-3)/6 + q/(-4). Calculate the greatest common factor of c and x.
15
Let a = 686 - 620. Suppose 8*x - 4*x - a = -2*y, -36 = -y - 3*x. Calculate the highest common divisor of 33 and y.
3
Suppose 0*g = 2*f + 6*g - 154, g = 5*f - 305. Let x = f + 14. Calculate the highest common factor of x and 95.
19
Suppose -19*q + 27 + 258 = -19. Suppose -2*m + 11 = -5*u, 3*u - 2 = 5*u. Suppose -r = w - 14, -r - 1 = -m. Calculate the highest common divisor of w and q.
4
Let b(o) = 21*o**3 + o**2 - 7*o - 6. Let l be b(3). Suppose 7*n = 3237 - l. Calculate the highest common factor of n and 12.
12
Let h be ((-70)/(-15))/(((-20)/(-6))/(-5)). Let s be 1/((h/51)/(-7)). Let d(y) = y**2 + 17. Let x be d(0). What is the greatest common divisor of x and s?
17
Let y be (-6)/(-4)*-5*-2. What is the highest common factor of 1005 and y?
15
Suppose -39 = -3*u + 18. Let s(f) = 22*f**2 - 94*f + 2 + 15*f**2 + 93*f. Let m be s(-2). What is the greatest common divisor of m and u?
19
Let t(u) = 4*u**2 - 146*u - 103. Let q be t(38). What is the highest common divisor of 475 and q?
25
Let f(b) = 10*b + 1474. Let d be f(-88). Calculate the greatest common factor of 1254 and d.
66
Let y be (-1076)/(-10) + -3 + (-306)/510. Calculate the greatest common divisor of 9568 and y.
104
Let t = -441 - -398. Suppose -4*v = v - 230. Let x = t + v. Calculate the highest common factor of x and 2.
1
Suppose 123*q = 204*q - 206388. What is the highest common factor of 49 and q?
49
Let h be 2/(-5)*(-30)/(-9)*(-718 - -1). What is the greatest common divisor of h and 4?
4
Let u be (-1512)/(-77) - 220/(-605). Calculate the highest common divisor of u and 576.
4
Let o(w) = 771*w + 874. Let v be o(16). What is the greatest common divisor of v and 10?
10
Suppose 1909 = x - 4*p, -4*x - 63*p = -64*p - 7666. What is the highest common factor of 71 and x?
71
Suppose 237*v + 124*v - 914774 = 0. Calculate the greatest common divisor of v and 14.
14
Suppose 1 = -r, 4*p + r - 18 = -r. Suppose -2*l = -3*t + 4*t - 212, -p*l + 500 = -5*t. What is the highest common factor of 78 and l?
26
Suppose -12*x + 21*x - 45 = 0. Suppose -8*m = x*q - 5*m - 597, 2*q = m + 230. Calculate the highest common divisor of q and 18.
9
Let t be 516/(-8)*52/(-6). Suppose -4*h - 431 = -t. What is the greatest common divisor of h and 352?
32
Let z(a) = -29*a + 1225. Let j be z(41). Suppose 4*u - 3*u - b - 155 = 0, -u + 3*b = -151. Let p = u + -13. Calculate the greatest common divisor of p and j.
36
Let m(v) be the first derivative of -v**4/4 - 10*v**3 + 97*v**2/2 - 31*v + 54. Let h be m(-33). What is the greatest common divisor of h and 35?
35
Suppose -2118 = -12*z - 534. Calculate the highest common factor of z and 2820.
12
Suppose -v + 44 = -10. Suppose -v = -4*a + 126. Suppose 22 = 8*q - 98. Calculate the highest common divisor of q and a.
15
Suppose -2*n - 7*c + 2*c = -7561, 2*c - 15098 = -4*n. What is the highest common divisor of 77 and n?
77
Let c = 150 - 350. Let u = c - -299. What is the greatest common factor of u and 18?
9
Suppose 11*s - 9*s - 273 = -b, 5*b + 3*s - 1337 = 0. Let d = b - 215. Calculate the greatest common divisor of d and 70.
10
Let v = 66 - 60. Let k be 1 - 8/v - (-440)/24. Let a be (-80)/(-3)*k/15. Calculate the greatest common factor of 8 and a.
8
Let h be 110/50 + -3 - 3/((-30)/1358). Calculate the highest common factor of h and 4905.
45
Let n = -1922 - -2370. What is the highest common factor of n and 784?
112
Suppose 29*y - 6464 = 46597 + 64766. Calculate the highest common factor of y and 51.
17
Let b = -608 + 718. What is the highest common factor of b and 77?
11
Let s be (-5)/2*(-36)/30 + -1. Suppose 2 - 8 = -s*a. Suppose 4*r - a*n + 11 = 56, -33 = -4*r - n. Calculate the highest common divisor of 99 and r.
9
Suppose 1 = -n + 30. Suppose p + b = n, -9*b = -6*b - 3. What is the highest common factor of 112 and p?
28
Suppose -4*k - 2*g + 392 = -0*g, 0 = 4*k + g - 392. What is the greatest common divisor of k and 5978?
98
Suppose 79*f = 58*f + 11781. What is the greatest common divisor of 663 and f?
51
Suppose 16007 - 4675 = 11*r - 7478. Calculate the greatest common factor of 270 and r.
90
Suppose 2*u = -0*u + 58. Suppose u = -g + 83. What is the greatest common divisor of g and 135?
27
Let l(f) = -1205*f**3 + 2*f**2 + 2*f + 2. Let i be l(-2). What is the highest common divisor of i and 182?
182
Let w(q) = 5039*q + 25360. Let k be w(-5). Let t be -15*(-3)/((-6)/(-10)). Calculate the highest common divisor of t and k.
15
Let w(u) = -2*u 